{"id":246469,"date":"2023-10-25T14:41:55","date_gmt":"2023-10-25T14:41:55","guid":{"rendered":"https:\/\/poccky.com\/?post_type=product&#038;p=246469"},"modified":"2023-10-25T14:41:56","modified_gmt":"2023-10-25T14:41:56","slug":"2-girl-package-outcalls-sthlm","status":"publish","type":"product","link":"https:\/\/poccky.com\/index.php\/product\/2-girl-package-outcalls-sthlm\/","title":{"rendered":"2 girl package &#8211; outcalls Sthlm"},"content":{"rendered":"","protected":false},"excerpt":{"rendered":"<p>(Vi arbetar ALLTID tillsammans och detta \u00e4r inte f\u00f6rhandlingsbart)<\/p>\n<p>Fantiserar du om tv\u00e5 tjejer p\u00e5 en g\u00e5ng? Vi g\u00f6r allt du har dr\u00f6mt om och lite till. vare sig du gillar mjuk sex. bdsm. har en h\u00e4rlig fetisch eller bara vill ha en stunds mysigt s\u00e4llskap. Var inte r\u00e4dd f\u00f6r att fr\u00e5ga om n\u00e5got speciellt. vi \u00e4r riktigt snuskiga och ser det bara som en extra krydda.<\/p>\n<p>Vi \u00e4r glada. l\u00e4ttsamma och k\u00e5ta. 19 och 20 \u00e5r gamla. En av oss \u00e4r asiat. mycket petite och har l\u00e5ngt m\u00f6rkt h\u00e5r. och en av oss \u00e4r en l\u00e5ngbent blondin med sugande blick.<\/p>\n<p>Halvtimme kostar 3900:-<br \/>\nEn timme kostar 4900:-<br \/>\n(B\u00e5da priserna \u00e4r inklusive taxi-kostnad (400:-)).<\/p>\n<p>Stay-ups och sexiga underkl\u00e4der \u00e4r standard. men vi kl\u00e4r g\u00e4rna upp oss. Om du vill ha n\u00e5got s\u00e4rskilt s\u00e5 g\u00e5r allt att ordna. Specialkl\u00e4der kostar extra enligt nedan. (observera att extrasumman d\u00e5 t\u00e4cker oss b\u00e5da):<\/p>\n<p>Latex: 1500:- extra<br \/>\nL\u00e4der: 1000:- extra<br \/>\nLack\/PVC: 500:-extra<\/p>\n<p>Vi g\u00f6r outcalls i Stockholm och allt sker med kondom.<br \/>\nDu n\u00e5r oss p\u00e5 073-7855472. (svarar ej p\u00e5 dolt nummer). eller p\u00e5<br \/>\npennyxsindy.gmail.com<\/p>\n<p>Och kom ih\u00e5.G ingenting \u00e4r f\u00f6r kinky\u2026 Hoppas vi h\u00f6rs!<\/p>\n<p>Varma kramar.<br \/>\nPenny &#038; Sindy My details Below mentioned<\/p>\n<p>                Nationality:<br \/>\n                swedish\/asian <\/p>\n<p>                Languages:<br \/>\n                swedish.  english<\/p>\n<p>                Age:<br \/>\n                20<\/p>\n<p>                Height:<br \/>\n                175\/149<\/p>\n<p>                Weight:<br \/>\n                55\/45<\/p>\n<p>                Hair:<br \/>\n                dark. blonde<\/p>\n<p>                Eyes:<br \/>\n                brown\/bluephone_android Phone:<br \/>\n          +46737855472<\/p>\n","protected":false},"featured_media":235346,"comment_status":"open","ping_status":"closed","template":"","meta":{"site-sidebar-layout":"default","site-content-layout":"","ast-site-content-layout":"","site-content-style":"default","site-sidebar-style":"default","ast-global-header-display":"","ast-banner-title-visibility":"","ast-main-header-display":"","ast-hfb-above-header-display":"","ast-hfb-below-header-display":"","ast-hfb-mobile-header-display":"","site-post-title":"","ast-breadcrumbs-content":"","ast-featured-img":"","footer-sml-layout":"","theme-transparent-header-meta":"","adv-header-id-meta":"","stick-header-meta":"","header-above-stick-meta":"","header-main-stick-meta":"","header-below-stick-meta":"","astra-migrate-meta-layouts":"default","ast-page-background-enabled":"default","ast-page-background-meta":{"desktop":{"background-color":"var(--ast-global-color-4)","background-image":"","background-repeat":"repeat","background-position":"center center","background-size":"auto","background-attachment":"scroll","background-type":"","background-media":"","overlay-type":"","overlay-color":"","overlay-opacity":"","overlay-gradient":""},"tablet":{"background-color":"","background-image":"","background-repeat":"repeat","background-position":"center center","background-size":"auto","background-attachment":"scroll","background-type":"","background-media":"","overlay-type":"","overlay-color":"","overlay-opacity":"","overlay-gradient":""},"mobile":{"background-color":"","background-image":"","background-repeat":"repeat","background-position":"center center","background-size":"auto","background-attachment":"scroll","background-type":"","background-media":"","overlay-type":"","overlay-color":"","overlay-opacity":"","overlay-gradient":""}},"ast-content-background-meta":{"desktop":{"background-color":"var(--ast-global-color-5)","background-image":"","background-repeat":"repeat","background-position":"center center","background-size":"auto","background-attachment":"scroll","background-type":"","background-media":"","overlay-type":"","overlay-color":"","overlay-opacity":"","overlay-gradient":""},"tablet":{"background-color":"var(--ast-global-color-5)","background-image":"","background-repeat":"repeat","background-position":"center center","background-size":"auto","background-attachment":"scroll","background-type":"","background-media":"","overlay-type":"","overlay-color":"","overlay-opacity":"","overlay-gradient":""},"mobile":{"background-color":"var(--ast-global-color-5)","background-image":"","background-repeat":"repeat","background-position":"center center","background-size":"auto","background-attachment":"scroll","background-type":"","background-media":"","overlay-type":"","overlay-color":"","overlay-opacity":"","overlay-gradient":""}}},"product_brand":[],"product_cat":[188,1115,957],"product_tag":[],"class_list":{"0":"post-246469","1":"product","2":"type-product","3":"status-publish","4":"has-post-thumbnail","6":"product_cat-freelancer","7":"product_cat-stockholm","8":"product_cat-sweden","9":"desktop-align-left","10":"tablet-align-left","11":"mobile-align-left","13":"first","14":"instock","15":"shipping-taxable","16":"product-type-simple"},"_links":{"self":[{"href":"https:\/\/poccky.com\/index.php\/wp-json\/wp\/v2\/product\/246469","targetHints":{"allow":["GET"]}}],"collection":[{"href":"https:\/\/poccky.com\/index.php\/wp-json\/wp\/v2\/product"}],"about":[{"href":"https:\/\/poccky.com\/index.php\/wp-json\/wp\/v2\/types\/product"}],"replies":[{"embeddable":true,"href":"https:\/\/poccky.com\/index.php\/wp-json\/wp\/v2\/comments?post=246469"}],"wp:featuredmedia":[{"embeddable":true,"href":"https:\/\/poccky.com\/index.php\/wp-json\/wp\/v2\/media\/235346"}],"wp:attachment":[{"href":"https:\/\/poccky.com\/index.php\/wp-json\/wp\/v2\/media?parent=246469"}],"wp:term":[{"taxonomy":"product_brand","embeddable":true,"href":"https:\/\/poccky.com\/index.php\/wp-json\/wp\/v2\/product_brand?post=246469"},{"taxonomy":"product_cat","embeddable":true,"href":"https:\/\/poccky.com\/index.php\/wp-json\/wp\/v2\/product_cat?post=246469"},{"taxonomy":"product_tag","embeddable":true,"href":"https:\/\/poccky.com\/index.php\/wp-json\/wp\/v2\/product_tag?post=246469"}],"curies":[{"name":"wp","href":"https:\/\/api.w.org\/{rel}","templated":true}]}}